[INFO] cloning repository https://github.com/sezna/Iron-Template
[INFO] running `Command { std: "git" "-c" "credential.helper=" "-c" "credential.helper=/workspace/cargo-home/bin/git-credential-null" "clone" "--bare" "https://github.com/sezna/Iron-Template" "/workspace/cache/git-repos/https%3A%2F%2Fgithub.com%2Fsezna%2FIron-Template", kill_on_drop: false }`
[INFO] [stderr] Cloning into bare repository '/workspace/cache/git-repos/https%3A%2F%2Fgithub.com%2Fsezna%2FIron-Template'...
[INFO] running `Command { std: "git" "rev-parse" "HEAD", kill_on_drop: false }`
[INFO] [stdout] e3b1d48559ae7974c26005afb5ee27c0df275a35
[INFO] checking sezna/Iron-Template against try#72f88fc4e9458f89516a0b8b0868f3718aec5b47 for pr-74989
[INFO] running `Command { std: "git" "clone" "/workspace/cache/git-repos/https%3A%2F%2Fgithub.com%2Fsezna%2FIron-Template" "/workspace/builds/worker-1/source", kill_on_drop: false }`
[INFO] [stderr] Cloning into '/workspace/builds/worker-1/source'...
[INFO] [stderr] done.
[INFO] validating manifest of git repo https://github.com/sezna/Iron-Template on toolchain 72f88fc4e9458f89516a0b8b0868f3718aec5b47
[INFO] running `Command { std: "/workspace/cargo-home/bin/cargo" "+72f88fc4e9458f89516a0b8b0868f3718aec5b47" "read-manifest" "--manifest-path" "Cargo.toml", kill_on_drop: false }`
[INFO] started tweaking git repo https://github.com/sezna/Iron-Template
[INFO] finished tweaking git repo https://github.com/sezna/Iron-Template
[INFO] tweaked toml for git repo https://github.com/sezna/Iron-Template written to /workspace/builds/worker-1/source/Cargo.toml
[INFO] crate git repo https://github.com/sezna/Iron-Template already has a lockfile, it will not be regenerated
[INFO] running `Command { std: "/workspace/cargo-home/bin/cargo" "+72f88fc4e9458f89516a0b8b0868f3718aec5b47" "fetch" "--locked" "--manifest-path" "Cargo.toml", kill_on_drop: false }`
[INFO] [stderr]  Downloading crates ...
[INFO] [stderr]   Downloaded sequence_trie v0.3.6
[INFO] [stderr]   Downloaded handlebars v2.0.2
[INFO] [stderr]   Downloaded wasm-bindgen-webidl v0.2.50
[INFO] [stderr]   Downloaded mount v0.4.0
[INFO] [stderr]   Downloaded bincode v0.9.2
[INFO] [stderr]   Downloaded web-sys v0.3.27
[INFO] [stderr]   Downloaded secure-session v0.3.1
[INFO] [stderr]   Downloaded snowflake v1.3.0
[INFO] [stderr]   Downloaded serde_derive v1.0.100
[INFO] [stderr]   Downloaded staticfile v0.5.0
[INFO] [stderr]   Downloaded safemem v0.3.2
[INFO] [stderr]   Downloaded handlebars-iron v0.28.0
[INFO] [stderr]   Downloaded horrorshow v0.7.0
[INFO] running `Command { std: "docker" "create" "-v" "/var/lib/crater-agent-workspace/builds/worker-1/target:/opt/rustwide/target:rw,Z" "-v" "/var/lib/crater-agent-workspace/builds/worker-1/source:/opt/rustwide/workdir:ro,Z" "-v" "/var/lib/crater-agent-workspace/cargo-home:/opt/rustwide/cargo-home:ro,Z" "-v" "/var/lib/crater-agent-workspace/rustup-home:/opt/rustwide/rustup-home:ro,Z" "-e" "SOURCE_DIR=/opt/rustwide/workdir" "-e" "CARGO_TARGET_DIR=/opt/rustwide/target" "-e" "CARGO_HOME=/opt/rustwide/cargo-home" "-e" "RUSTUP_HOME=/opt/rustwide/rustup-home" "-w" "/opt/rustwide/workdir" "-m" "1610612736" "--user" "0:0" "--network" "none" "rustops/crates-build-env@sha256:d92eaeed33fa75130ca1ee6c8a01d1ffb62bac859dfdfb3450e3e5d1c0146529" "/opt/rustwide/cargo-home/bin/cargo" "+72f88fc4e9458f89516a0b8b0868f3718aec5b47" "metadata" "--no-deps" "--format-version=1", kill_on_drop: false }`
[INFO] [stdout] b94b482e6b7d19149237e260d1b4553be3e20149a83b427f927026ab9bb666ed
[INFO] [stderr] WARNING: Your kernel does not support swap limit capabilities or the cgroup is not mounted. Memory limited without swap.
[INFO] running `Command { std: "docker" "start" "-a" "b94b482e6b7d19149237e260d1b4553be3e20149a83b427f927026ab9bb666ed", kill_on_drop: false }`
[INFO] running `Command { std: "docker" "inspect" "b94b482e6b7d19149237e260d1b4553be3e20149a83b427f927026ab9bb666ed", kill_on_drop: false }`
[INFO] running `Command { std: "docker" "rm" "-f" "b94b482e6b7d19149237e260d1b4553be3e20149a83b427f927026ab9bb666ed", kill_on_drop: false }`
[INFO] [stdout] b94b482e6b7d19149237e260d1b4553be3e20149a83b427f927026ab9bb666ed
[INFO] running `Command { std: "docker" "create" "-v" "/var/lib/crater-agent-workspace/builds/worker-1/target:/opt/rustwide/target:rw,Z" "-v" "/var/lib/crater-agent-workspace/builds/worker-1/source:/opt/rustwide/workdir:ro,Z" "-v" "/var/lib/crater-agent-workspace/cargo-home:/opt/rustwide/cargo-home:ro,Z" "-v" "/var/lib/crater-agent-workspace/rustup-home:/opt/rustwide/rustup-home:ro,Z" "-e" "SOURCE_DIR=/opt/rustwide/workdir" "-e" "CARGO_TARGET_DIR=/opt/rustwide/target" "-e" "CARGO_INCREMENTAL=0" "-e" "RUST_BACKTRACE=full" "-e" "RUSTFLAGS=--cap-lints=forbid" "-e" "CARGO_HOME=/opt/rustwide/cargo-home" "-e" "RUSTUP_HOME=/opt/rustwide/rustup-home" "-w" "/opt/rustwide/workdir" "-m" "1610612736" "--user" "0:0" "--network" "none" "rustops/crates-build-env@sha256:d92eaeed33fa75130ca1ee6c8a01d1ffb62bac859dfdfb3450e3e5d1c0146529" "/opt/rustwide/cargo-home/bin/cargo" "+72f88fc4e9458f89516a0b8b0868f3718aec5b47" "check" "--frozen" "--all" "--all-targets" "--message-format=json", kill_on_drop: false }`
[INFO] [stdout] e4440c2bb5ca61243c485037669e0a37ad3f9339d50c0bccb9fde125f8fadf06
[INFO] [stderr] WARNING: Your kernel does not support swap limit capabilities or the cgroup is not mounted. Memory limited without swap.
[INFO] running `Command { std: "docker" "start" "-a" "e4440c2bb5ca61243c485037669e0a37ad3f9339d50c0bccb9fde125f8fadf06", kill_on_drop: false }`
[INFO] [stderr]    Compiling autocfg v0.1.6
[INFO] [stderr]     Checking smallvec v0.6.10
[INFO] [stderr]    Compiling log v0.4.8
[INFO] [stderr]     Checking cfg-if v0.1.9
[INFO] [stderr]    Compiling byteorder v1.3.2
[INFO] [stderr]     Checking traitobject v0.1.0
[INFO] [stderr]    Compiling httparse v1.3.4
[INFO] [stderr]     Checking language-tags v0.2.2
[INFO] [stderr]    Compiling unicode-xid v0.2.0
[INFO] [stderr]     Checking typeable v0.1.2
[INFO] [stderr]     Checking modifier v0.1.0
[INFO] [stderr]    Compiling maplit v1.0.2
[INFO] [stderr]    Compiling gcc v0.3.55
[INFO] [stderr]     Checking same-file v1.0.5
[INFO] [stderr]     Checking rustc-serialize v0.3.24
[INFO] [stderr]     Checking quick-error v1.2.2
[INFO] [stderr]     Checking data-encoding v2.1.2
[INFO] [stderr]     Checking percent-encoding v2.1.0
[INFO] [stderr]     Checking lazy_static v1.4.0
[INFO] [stderr]     Checking horrorshow v0.7.0
[INFO] [stderr]     Checking pest v2.1.2
[INFO] [stderr]    Compiling ring v0.16.9
[INFO] [stderr]     Checking unsafe-any v0.4.2
[INFO] [stderr]    Compiling libc v0.2.62
[INFO] [stderr]    Compiling proc-macro2 v1.0.3
[INFO] [stderr]     Checking walkdir v2.2.9
[INFO] [stderr]     Checking hashbrown v0.5.0
[INFO] [stderr]     Checking time v0.1.42
[INFO] [stderr]     Checking rand v0.4.6
[INFO] [stderr]     Checking typemap v0.3.3
[INFO] [stderr]     Checking serde_json v1.0.40
[INFO] [stderr]     Checking unicode-normalization v0.1.8
[INFO] [stderr]    Compiling quote v1.0.2
[INFO] [stderr]     Checking plugin v0.2.6
[INFO] [stderr]    Compiling rand_chacha v0.1.1
[INFO] [stderr]    Compiling rand_pcg v0.1.2
[INFO] [stderr]    Compiling rand v0.6.5
[INFO] [stderr]    Compiling num-traits v0.2.8
[INFO] [stderr]    Compiling num-integer v0.1.41
[INFO] [stderr]    Compiling bincode v1.1.4
[INFO] [stderr]    Compiling syn v1.0.5
[INFO] [stderr]    Compiling rand_os v0.1.3
[INFO] [stderr]     Checking log v0.3.9
[INFO] [stderr]     Checking rand v0.3.23
[INFO] [stderr]     Checking mime v0.2.6
[INFO] [stderr]    Compiling rust-crypto v0.2.36
[INFO] [stderr]     Checking base64 v0.9.3
[INFO] [stderr]     Checking bincode v0.9.2
[INFO] [stderr]    Compiling pest_meta v2.1.2
[INFO] [stderr]     Checking idna v0.1.5
[INFO] [stderr]     Checking idna v0.2.0
[INFO] [stderr]     Checking url v1.7.2
[INFO] [stderr]     Checking url v2.1.0
[INFO] [stderr]    Compiling phf_generator v0.7.24
[INFO] [stderr]     Checking chrono v0.4.9
[INFO] [stderr]    Compiling phf_codegen v0.7.24
[INFO] [stderr]    Compiling mime_guess v1.8.7
[INFO] [stderr]     Checking hyper v0.10.16
[INFO] [stderr]     Checking cookie v0.10.1
[INFO] [stderr]    Compiling pest_generator v2.1.1
[INFO] [stderr]     Checking iron v0.6.1
[INFO] [stderr]    Compiling serde_derive v1.0.100
[INFO] [stderr]    Compiling pest_derive v2.1.0
[INFO] [stderr]     Checking persistent v0.4.0
[INFO] [stderr]     Checking mount v0.4.0
[INFO] [stderr]     Checking router v0.6.0
[INFO] [stderr]     Checking bodyparser v0.8.0
[INFO] [stderr]     Checking staticfile v0.5.0
[INFO] [stderr]     Checking urlencoded v0.6.0
[INFO] [stderr]     Checking handlebars v2.0.2
[INFO] [stderr]     Checking handlebars-iron v0.28.0
[INFO] [stderr]     Checking snowflake v1.3.0
[INFO] [stderr]     Checking secure-session v0.3.1
[INFO] [stderr]     Checking iron-template v0.1.0 (/opt/rustwide/workdir)
[INFO] [stdout] error[E0432]: unresolved import `crate::handlers::template`
[INFO] [stdout]  --> src/handlers/endpoints/session.rs:8:5
[INFO] [stdout]   |
[INFO] [stdout] 8 | use crate::handlers::template;
[INFO] [stdout]   |     ^^^^^^^^^^^^^^^^^^^^^^^^^ no `template` in `handlers`
[INFO] [stdout] 
[INFO] [stdout] 
[INFO] [stdout] error[E0432]: unresolved import `crate::handlers::template`
[INFO] [stdout]  --> src/handlers/endpoints/session.rs:8:5
[INFO] [stdout]   |
[INFO] [stdout] 8 | use crate::handlers::template;
[INFO] [stdout]   |     ^^^^^^^^^^^^^^^^^^^^^^^^^ no `template` in `handlers`
[INFO] [stdout] 
[INFO] [stdout] 
[INFO] [stdout] error[E0425]: cannot find function `template` in module `handlers`
[INFO] [stdout]  --> src/handlers/pages/log_in_page.rs:6:15
[INFO] [stdout]   |
[INFO] [stdout] 6 |     handlers::template(templates::pages::generic::form::templates::log_in().render(r))
[INFO] [stdout]   |               ^^^^^^^^ not found in `handlers`
[INFO] [stdout] 
[INFO] [stdout] 
[INFO] [stdout] warning: unused imports: `FieldType`, `FormField`
[INFO] [stdout]  --> src/handlers/pages/settings_page.rs:5:46
[INFO] [stdout]   |
[INFO] [stdout] 5 | use crate::templates::pages::generic::form::{FieldType, Form, FormField};
[INFO] [stdout]   |                                              ^^^^^^^^^        ^^^^^^^^^
[INFO] [stdout]   |
[INFO] [stdout]   = note: `#[warn(unused_imports)]` on by default
[INFO] [stdout] 
[INFO] [stdout] 
[INFO] [stdout] warning: unused import: `::handlers`
[INFO] [stdout]  --> src/routes.rs:5:5
[INFO] [stdout]   |
[INFO] [stdout] 5 | use ::handlers;
[INFO] [stdout]   |     ^^^^^^^^^^
[INFO] [stdout] 
[INFO] [stdout] 
[INFO] [stdout] error[E0425]: cannot find function `template` in module `handlers`
[INFO] [stdout]  --> src/handlers/pages/log_in_page.rs:6:15
[INFO] [stdout]   |
[INFO] [stdout] 6 |     handlers::template(templates::pages::generic::form::templates::log_in().render(r))
[INFO] [stdout]   |               ^^^^^^^^ not found in `handlers`
[INFO] [stdout] 
[INFO] [stdout] 
[INFO] [stdout] warning: unused imports: `FieldType`, `FormField`
[INFO] [stdout]  --> src/handlers/pages/settings_page.rs:5:46
[INFO] [stdout]   |
[INFO] [stdout] 5 | use crate::templates::pages::generic::form::{FieldType, Form, FormField};
[INFO] [stdout]   |                                              ^^^^^^^^^        ^^^^^^^^^
[INFO] [stdout]   |
[INFO] [stdout]   = note: `#[warn(unused_imports)]` on by default
[INFO] [stdout] 
[INFO] [stdout] 
[INFO] [stdout] warning: unused import: `::handlers`
[INFO] [stdout]  --> src/routes.rs:5:5
[INFO] [stdout]   |
[INFO] [stdout] 5 | use ::handlers;
[INFO] [stdout]   |     ^^^^^^^^^^
[INFO] [stdout] 
[INFO] [stdout] 
[INFO] [stdout] error: aborting due to 2 previous errors; 2 warnings emitted
[INFO] [stdout] 
[INFO] [stdout] 
[INFO] [stdout] Some errors have detailed explanations: E0425, E0432.
[INFO] [stdout] 
[INFO] [stdout] For more information about an error, try `rustc --explain E0425`.
[INFO] [stdout] 
[INFO] [stderr] error: could not compile `iron-template`.
[INFO] [stderr] 
[INFO] [stderr] To learn more, run the command again with --verbose.
[INFO] [stderr] warning: build failed, waiting for other jobs to finish...
[INFO] [stdout] error: aborting due to 2 previous errors; 2 warnings emitted
[INFO] [stdout] 
[INFO] [stdout] 
[INFO] [stdout] Some errors have detailed explanations: E0425, E0432.
[INFO] [stdout] 
[INFO] [stdout] For more information about an error, try `rustc --explain E0425`.
[INFO] [stdout] 
[INFO] [stderr] error: build failed
[INFO] running `Command { std: "docker" "inspect" "e4440c2bb5ca61243c485037669e0a37ad3f9339d50c0bccb9fde125f8fadf06", kill_on_drop: false }`
[INFO] running `Command { std: "docker" "rm" "-f" "e4440c2bb5ca61243c485037669e0a37ad3f9339d50c0bccb9fde125f8fadf06", kill_on_drop: false }`
[INFO] [stdout] e4440c2bb5ca61243c485037669e0a37ad3f9339d50c0bccb9fde125f8fadf06
